305 = 0, -5*h + 105 = 5*j. What is the highest common factor of j and 1092?
26
Let b = 25 - 10. Calculate the highest common factor of b and 60.
15
Let t be 4364/48 - 3/(-36). What is the highest common factor of 39 and t?
13
Suppose -i = 2*i - 6. Suppose -i*l + 2 = -l. Let u = -314 - -316. What is the greatest common factor of u and l?
2
Suppose -o + 129 = -2*a, 19 = 2*o - a - 233. Calculate the greatest common factor of o and 85.
5
Let g(x) = x**3 - 11*x**2 - 24*x - 24. Let b be g(13). What is the greatest common divisor of b and 82?
2
Let a be 0*4/20 - -4 - 4. Let s be (1/(-2))/(2/(-12)). Suppose 4*v + s*d - 188 = a, 8*v + 4*d - 234 = 3*v. What is the greatest common divisor of v and 10?
10
Let s(u) = 6*u**2 - 2*u + 4. Suppose -2*m - 2 = -3*p, 3*m + 4 = 7*m - 2*p. Let c be s(m). Let r = 33 - 17. What is the greatest common divisor of c and r?
8
Let j be 4/(-10) - (-54)/10. Suppose 0 = -j*w + 261 + 589. Suppose 5*q - 740 = -5*p, -q + p - 12 = -w. What is the highest common divisor of q and 17?
17
Let q(d) = -20*d + 272. Let w be q(11). Calculate the highest common factor of 4 and w.
4
Let d be 1 - 2 - (-15057)/63. What is the highest common divisor of d and 442?
34
Let o be (-1018)/(-15) - 48/(-360). What is the greatest common divisor of 8 and o?
4
Suppose -z = -2*z + 4. Suppose 0*v = z*v - 1188. Let r be (-6 - 3)*(27/3)/(-3). Calculate the highest common divisor of v and r.
27
Let x be ((-3168)/21)/((-1)/7). Calculate the greatest common divisor of x and 33.
33
Let c be 6 + ((-872)/12)/((-1)/3). What is the highest common divisor of c and 154?
14
Let i(z) = z**3 - 10*z**2 - 22*z - 1. Let u be i(12). Suppose -5*x + 78 - u = 0. What is the greatest common factor of 1 and x?
1
Suppose -o + 13 = 4*z, z - 1 = 5*o + 18. Suppose -2*l + z*g - g = -87, l + 4*g = 60. Suppose 3*x - 6 = 2*x. Calculate the highest common factor of x and l.
6
Let r be (-4)/4 + 4 + -1. Let y(h) = 4*h**2 - 2*h - 1. Let i be y(r). Calculate the highest common factor of i and 11.
11
Suppose -540 = -5*k - w, -21*k + 16*k + 4*w = -540. Suppose 48 = b + 3*b. Calculate the highest common divisor of b and k.
12
Let d(r) = -r**3 - 8*r**2 - 6 - 5*r - 11 + 3. Suppose o - 4 = 0, 5*i + 7*o - 2*o + 20 = 0. Let l be d(i). What is the greatest common divisor of l and 13?
13
Let i(k) = -k**3 - 5*k**2 - 10*k - 8. Suppose -4*s + 10 = 34. Let u be i(s). Let n be 12/5*30/9. What is the greatest common divisor of n and u?
8
Let q be 79 - -2 - (-3 - 6). What is the greatest common divisor of q and 2430?
90
Let p(b) = 2*b**2 + 4*b. Let a be p(9). Let c(o) = o**3 + 12*o**2 - 17*o - 30. Let d be c(-13). What is the greatest common divisor of d and a?
22
Suppose -5*y + q = -964 - 82, 4*y - 2*q - 832 = 0. What is the greatest common factor of y and 60?
30
Let o be (-16 + -2 + 0)*(-1792)/96. Calculate the highest common divisor of o and 21.
21
Suppose 5*c - c = 140. Let f be 4 + 375/c - (-2)/7. Calculate the highest common factor of 35 and f.
5
Suppose 3 = -w - 2*w, 4*w - 828 = -4*h. What is the greatest common divisor of 32 and h?
16
Suppose 0 = -y - 2, l = -y + 4 + 9. Suppose 14*u + 27 = l*u. Suppose -12*q = -15*q + u. Calculate the highest common factor of q and 1.
1
Suppose 70*t - 86*t + 1280 = 0. Calculate the greatest common divisor of 260 and t.
20
Let a be (1 - -3) + 10 - (-10)/(-5). Calculate the highest common factor of 36 and a.
12
Let x be (-357)/476 + 2*622/16. Calculate the highest common factor of 55 and x.
11
Suppose 0*g + 11 = g. Let r = 955 + -834. What is the highest common divisor of g and r?
11
Suppose -41*k + 32*k = -819. Calculate the highest common factor of 2457 and k.
91
Suppose -2*o + 120 = 2*o. Let r(s) = s**3 + 17*s**2 + 15*s - 4. Let d be r(-16). Calculate the highest common divisor of d and o.
6
Let g = -2 - -28. Let z be ((-744)/(-20) - 6)/((-9)/(-30)). What is the highest common divisor of g and z?
26
Let m be 6/(-1) - (2 + -2). Let v be 20/m*(-27)/15. Suppose 111 = 7*f + v. Calculate the greatest common divisor of f and 120.
15
Let k(n) = -10*n - 223. Let m be k(-30). Suppose -39 = -5*s + 4*p - 0*p, 0 = -4*p + 16. Calculate the greatest common factor of s and m.
11
Suppose -k + 35 = 4*o, -o - 3*k + 25 = 3*o. Suppose 859 - 339 = 4*w. What is the highest common divisor of w and o?
10
Let b(i) = -i**3 - 12*i**2 - 26*i - 10. Let f be b(-10). Calculate the greatest common divisor of 25 and f.
25
Suppose -21 = -3*r + 75. Let m be (4/14)/((5/70)/1). Suppose -6*g + m*g + 512 = 0. Calculate the highest common divisor of g and r.
32
Suppose 2*p = -4*y + 164, -5*p + y + 438 = 4*y. Calculate the highest common divisor of p and 135.
45
Suppose -45 = -u - z - 248, -3*u - 609 = -5*z. Let a = -95 - u. Suppose -3*t + a - 12 = 0. Calculate the greatest common divisor of 32 and t.
32
Let d = -1112 - -1122. What is the highest common factor of 40 and d?
10
Let l(x) = 7*x**2 + 14*x + 20. Let y be l(-5). What is the highest common divisor of 25 and y?
25
Let h be (82/(-8))/(9*(-4)/(-144)). Let a = h - -65. Let i(o) = -4*o - 4. Let v be i(-3). Calculate the greatest common divisor of a and v.
8
Let p be 36/10 + -3 + (-1074)/(-10). Let m = p + -80. Calculate the greatest common divisor of m and 7.
7
Let r be 48/(-112) + 185/7 + 12/4. Let o(l) = 13*l - 7. Let h be o(5). Calculate the highest common divisor of h and r.
29
Suppose -2*z - 180 = 4*h, 2*z + 156 = -2*h - 24. Let i be (8 - 1)*z/(-21). Suppose -2*x - 89 = -129. What is the greatest common divisor of i and x?
10
Let l = 6 + -2. Suppose 4*q = 4*k - 13 - 11, 4*k = q + 30. Suppose -4*z + k = i, -2*i - 115 = -7*i + 5*z. Calculate the greatest common divisor of l and i.
4
Let v = 22 - 35. Let c(y) = -4*y - 28. Let g be c(v). What is the greatest common divisor of 24 and g?
24
Suppose -9*d = -d + 4*d. Suppose -3*n + 5*o + 17 = d, -3*n + 67 = -0*n + 5*o. Calculate the greatest common divisor of n and 14.
14
Let d = 478 - 198. Suppose 44*k + 80 = 52*k. Calculate the greatest common divisor of d and k.
10
Let m(j) = 49*j + 360. Let o be m(-6). Calculate the highest common divisor of o and 88.
22
Let a = 932 + -402. What is the greatest common divisor of 10 and a?
10
Suppose 7*m + 10188 = 5*k + 4*m, k + 3*m = 2034. What is the greatest common divisor of k and 21?
21
Let v be (-3)/(39/6 + -17 + 10). What is the highest common factor of 114 and v?
6
Let y be (1 + 3)*(15/5 - 15). Let c = 88 + y. Calculate the greatest common factor of 160 and c.
40
Let t be 1 - (4/2 - 30). Suppose 0 = -2*f + f - 4. Let o(l) = -9*l - 7. Let b be o(f). What is the greatest common factor of t and b?
29
Let a(p) = -p**2 - 2*p + 13. Let i be a(-9). Let x be 20/(-5) + (-3 - i). Let y = x - 28. What is the greatest common divisor of y and 75?
15
Suppose 5*j = -2*v + 66, 4*v + 7*j - 5*j = 116. Calculate the greatest common factor of v and 8.
4
Let n(m) = -m + 5. Let c be n(3). Calculate the greatest common divisor of 16 and c.
2
Let z = 21 - 23. Let l(q) = -12*q**3 - 3*q - 3. Let m be l(z). Suppose m = 5*p + 24. What is the greatest common factor of p and 30?
15
Let x(l) be the second derivative of -17*l**3/2 + 8*l**2 + 11*l. Let s be x(5). Let c = -127 - s. Calculate the highest common factor of 14 and c.
14
Let v be 14/4 + 1/(-2). Let u(o) = 2 - 10*o + 5*o - 2*o**2 + 4*o**2. Let s be u(v). Calculate the highest common factor of s and 2.
1
Let w(m) = -2*m**2 - m + 2. Let n(d) = d**2 - d + 1. Let t(q) = 2*n(q) - w(q). Let g be t(-2). What is the highest common factor of 2 and g?
2
Let i(y) = -2*y**3 + 44*y**2 - 70*y + 73. Let o be i(20). Calculate the highest common divisor of 169 and o.
13
Let p(a) = 2*a**3 - 8*a**2 + 3*a. Let f be p(6). Suppose 0 = -2*i + i + f. Suppose t = 3*t - 36. Calculate the highest common factor of i and t.
18
Suppose -86*o + 88*o = -4. Let r be -1 - (2 + -22 - o). What is the greatest common factor of r and 136?
17
Let t = 29 - 24. Suppose -t*y + 192 = -193. Let m = -5 + 12. Calculate the greatest common factor of y and m.
7
Suppose 17*v + 89 = 565. What is the highest common factor of 140 and v?
28
Let d(f) be the third derivative of -f**5/30 + 7*f**4/12 + 13*f**3/6 - 10*f**2. Let j be d(7). What is the highest common factor of 39 and j?
13
Suppose -353*y - 11 = -354*y. What is the greatest common factor of y and 1?
1
Suppose -34*a + 39*